a composite number?
False
Let f be (-4 + -4 - -4)*(-3 - -1). Is (-4)/(f/2477)*-2 prime?
True
Let s = 124 + -120. Suppose 6681 + 31454 = 5*i - 4*v, -i + 7651 = s*v. Is i composite?
True
Let p be 6/4 - 1/2. Let x be -91 - ((-2 - p) + 3). Let t = x - -648. Is t a prime number?
True
Let v = -5457 - -7791. Let c = -989 + v. Is 9/(-27)*(-2 - c) a prime number?
True
Let w be -2*(-2)/1 - (1 - 27). Suppose -w*t + 39*t = 15786. Is t a prime number?
False
Suppose 3*v - 875*h = -880*h + 412681, -687819 = -5*v - 4*h. Is v prime?
True
Let a(z) = 54*z**2 - 8*z + 2. Let k(o) = -o**2 + 8*o - 5. Let w be k(7). Let g be ((-2)/4)/(w/16 + 0). Is a(g) a prime number?
False
Suppose 0 = 6*z + 250 - 250. Suppose -13*y + 24840 + 6737 = z. Is y composite?
True
Let o(f) = f**2 + 14*f + 35. Let p be o(-11). Let w be p/(3/(6/1)). Suppose -4*n + 763 + 1995 = 3*t, -4*t = -w*n + 2772. Is n a prime number?
True
Suppose 0*z - 2763467 + 1086050 = -21*z. Is z prime?
False
Suppose -5*o - x + 5706264 = 0, 17*o - 2282503 = 15*o - 3*x. Is o a composite number?
False
Let a = -657994 - -1596671. Is a prime?
True
Suppose 7*c - 40 = 3*c. Suppose 0 = 15*n - 17*n + c. Is 3 + (-17)/n + 15654/10 a prime number?
False
Let z(n) = 50*n**2 + 232*n - 425. Is z(61) a composite number?
False
Let j be -1 + 9/6 + (-4)/8. Suppose -7*d = -8*d. Suppose -x + 2*x - 1 = d, 4*l - x - 12603 = j. Is l prime?
False
Suppose 24 + 2 = 5*r - 3*i, 0 = -2*i - 4. Suppose -r*n - 22 = -h, n + 4*n + 35 = 5*h. Suppose 0*y = h*y - 1262. Is y prime?
True
Let w be 9/(54/84) - -6. Suppose -9542 - 628 = -2*i + 4*m, 5*m + w = 0. Is i a prime number?
True
Suppose 506 = 6*z - 310. Is ((-123)/(-4))/(6/z) prime?
False
Suppose -12 = 39*b - 35*b, -3*b + 4917 = 2*l. Is l prime?
False
Let f be (70/(-15))/(((-8)/(-30))/2). Let x be (f/25 + 1)*-5. Suppose 2*b = -x*z + 548, 2*b - 8 = 2. Is z composite?
False
Let p = 109740 + 857663. Is p composite?
True
Let z(f) = f**3 + 5*f**2 - 7*f - 2. Let p be z(-6). Suppose p*u = -3*i - 106 - 70, -3*i + u = 166. Is 907/7 - i/(-98) prime?
False
Let i(t) = -t + 24. Let r be i(-4). Suppose -1028 = -r*a + 24*a. Is a prime?
True
Let o(v) = 9151*v**2 - 170*v + 335. Is o(2) prime?
True
Suppose -11*m + 16*m - 15 = 0. Suppose -w + 7*c - 2*c = -1129, w - m*c - 1121 = 0. Is w prime?
True
Suppose 19*p - 2*z = 20*p - 339463, 0 = p + 3*z - 339461. Is p composite?
False
Let z = 139115 + -95260. Let k = z + -20772. Is k composite?
True
Let c(j) = 538*j + 75. Let h be c(1). Let n = h - -1950. Is n a prime number?
False
Suppose 132*g = -1631075 + 7747559. Is g prime?
True
Suppose b = 1 + 1, -5*b + 10 = y. Suppose -3*x - z + 5467 = -2*z, y = -x - 4*z + 1831. Is x a composite number?
False
Let v(o) = 3*o**2 - 5*o + 2. Let c be v(2). Suppose -q + c*q - 1086 = 0. Suppose -k = 4*g - 183, -2*g = 2*k + 2*g - q. Is k a composite number?
False
Suppose -4863234 + 628464 - 243905 = -115*z. Is z composite?
True
Let g be -6 + (-68)/(-12) + 211/3. Let h = 69 - g. Is h + 887 + (-4 - -5) prime?
True
Let d(u) be the third derivative of 263*u**5/60 - 5*u**4/12 - 22*u**3/3 + 83*u**2. Is d(7) a composite number?
True
Let f(r) = 1546*r - 11. Is f(4) a prime number?
True
Let f = -458 - -467. Is (-6)/(-4)*(158856/f)/4 composite?
False
Suppose -23*w - 9*w = -160. Suppose -679 + 9702 = 4*i - w*t, -t + 9029 = 4*i. Is i prime?
False
Let p(x) = x**2 + 73*x - 345. Is p(-98) a prime number?
False
Let r(b) = 1379*b**2 - 2*b - 5. Is r(2) prime?
True
Let t = -41 + 38. Let f be -13 - -1 - (-3 - t). Is 6/(-36) + (-23342)/f prime?
False
Suppose -j = -5*j - 3*d + 571108, -3*d - 285536 = -2*j. Is j composite?
True
Suppose 0 = -2*o - 4*r + 146, -2*o + 144 + 29 = -5*r. Let b = -76 + o. Suppose 3*l - 2176 = -4*u, -3*l + 9 = -b. Is u prime?
True
Let w be (-2 - -2 - -10327) + 14 + -17. Suppose -3*v = o - w, -10*o = -14*o + 5*v + 41245. Is o a composite number?
True
Suppose 4*s = 28, -7*j + 6*j - 2*s = -244059. Is j prime?
False
Let h(b) = 13*b - 9. Let x be (-54)/(-5) + (-7)/(-35). Let l be h(x). Let f = l - -69. Is f composite?
True
Suppose h - 8394 = b + 13549, 2*h + b = 43895. Is h a composite number?
True
Let v(u) = -424*u**2 - u + 66. Let d be v(6). Let x = -7645 - d. Is x a composite number?
False
Let j(a) = a**3 + 10*a**2 - 2*a - 12. Let o be j(-10). Suppose o*y = 11*y + 6. Is (9 - 10)*(y - 2094/2) a prime number?
True
Suppose -14*m - 110 = -9*m. Is (-201178)/(-187) + (-4)/m - 3 a composite number?
True
Let p(x) = 507*x**2 - 297*x + 7. Is p(-3) a prime number?
False
Let g = 94190 - 53983. Suppose 0 = u - 3*u - 4, g = 3*f + u. Suppose -8*v + f = 5*v. Is v a composite number?
False
Suppose 105 = -2*j - 377. Let t = 310 + j. Is t a prime number?
False
Let t be (0 + 8631 + 0)/(86 - 87). Let m = 1862 - t. Is m a composite number?
True
Let k = 46515 - -81722. Is k a prime number?
True
Suppose -2*j = -4*i, 3*i - 3 = -4*j + 19. Suppose g = 5*n - 6295, -1718 = 3*n - j*g - 5495. Is n prime?
True
Let f be (25/(-50))/((-2)/20). Suppose 117388 = 4*s + 2*t, -2*s - 9*t = -f*t - 58682. Is 6/39 - s/(-117) prime?
True
Suppose 4*k - 5*q = 8680, -2*k = -2*q - 2719 - 1621. Suppose 0 = -2*x + 4*v + 2100, 5*x - 3*v - 3052 = k. Is x a composite number?
True
Let i(c) = 39*c**2 - 11*c - 589. Is i(26) composite?
True
Let l be 1 + -5 + (-1114)/2 - -6. Let j = -292 - l. Is j composite?
False
Suppose -1694*s + 1693*s + 807150 - 19331 = 0. Is s prime?
False
Suppose -3*d + 132959 = z + 13812, -476640 = -4*z + d. Is z composite?
False
Let g(a) be the second derivative of 5*a**2 + 457/12*a**4 - a + 0 + 2/3*a**3. Is g(3) a composite number?
True
Let f = 4455 - 2551. Suppose 2*b - 5903 = -3*c, 0 = b - 5*c - f - 1080. Is b a prime number?
False
Let m(g) = 4359*g**2 + 60*g - 145. Is m(8) a prime number?
True
Suppose 94*c - 566514 = 11619364. Is c prime?
False
Let k = -132010 + 231377. Is k a prime number?
True
Let q(c) = -100*c**3 - 47*c**2 - 20*c + 19. Is q(-16) a composite number?
False
Suppose -4*b = 3*v - 212938, -57*v - 266207 = -5*b - 55*v. Is b a prime number?
True
Let u = 48 + -47. Let t be u*44 + 0 + (-8)/4. Suppose 43*p = t*p + 89. Is p a composite number?
False
Let m(i) = 363*i + 143. Let p be m(10). Let r = 14600 + p. Is r a composite number?
True
Let r(v) = 374*v + 4791. Is r(44) a prime number?
True
Suppose 3*v - 7387 = 2*v + 3*i, 0 = 5*v + 2*i - 36935. Suppose 0 = -5*s - y + v, -3*y = 5*s - 0*y - 7391. Is s a prime number?
False
Suppose -525*o + 526*o - t = 6951, 3*t = 5*o - 34747. Is o prime?
True
Let n = 39595 + -18664. Is n a composite number?
True
Let r = -170 + 153. Let o(q) = 2*q**2 - 8*q + 73. Is o(r) a composite number?
False
Let u = -25 + 62. Let g(j) = -7*j + 0*j - 38 + u. Is g(-2) composite?
False
Let m be (3 - (-2 + 6/9))*6. Suppose 207987 = m*u + 13*u. Is u prime?
True
Suppose 55*j = -497348 + 1505443. Is j prime?
True
Suppose 5*b - 15389 = -3*j, 714 = -b - 5*j + 3827. Is b prime?
False
Let z(l) = -983*l**3 + 14*l**2 + 93*l + 115. Is z(-7) composite?
True
Suppose 3*l - r = 65158 + 15473, -5*r + 134425 = 5*l. Is l a prime number?
True
Suppose -290 = -6*f - 260. Suppose 2*t = -f*v + 5889, 2*t + 4*v - 4059 - 1831 = 0. Is t prime?
False
Is 129697 - -6*(-3)/(-18) a composite number?
True
Let z = -358107 + 694676. Is z a prime number?
False
Suppose 8*l - 389242 - 218062 = 0. Is l prime?
True
Suppose -2*l - 5*h = -242739, 1109*h = 5*l + 1112*h - 606876. Is l a prime number?
False
Let z be 20/8*(-80)/(-1). Is (6 - z)*329/(-14) composite?
True
Let z be (-6 - (-2 + -3))/(-1)*2823. Let s = 25592 - z. Is s a prime number?
True
Let r be 10/20*(7 - (-1 - -2)). Let c(k) = -6*k**2 - k + 2. Let o be c(r). Let q = 108 + o. Is q composite?
False
Let q(h) = 1058*h + 68. Let f be q(6). Let z = f + -3855. Is z composite?
True
Let i(c) = -8350*c**3 + 19*c**2 + 27*c + 43. Is i(-5) composite?
False
Let u(b) = -9844*b + 1381. Is u(-7) a prime number?
True
Let n = 6 - -73. Suppose n*l - 83*l = -16. Suppose 4*p - 2439 = -2*j - 423, l*j = 16. Is p a prime number?
False
Suppose -p = 2*l - 157469, -308378 - 478995 = -5*p - 3*l. Is p a prime number?
True
Let c(v) be the first derivative of 15 + 3/4*v**4 - 3*v**3 - 3*v**2 + 11*v. Is c(6) prime?
False
Suppose -2*u + 35 = 55. Is 114078/(-15)*3*u/12 a prime number?
True
Is (30/(-10))/6*-161086 composite?
True
Let t(h) = h**2 + 20*h + 5. Let s